7
List the prime factors of 8357.
61, 137
List the prime factors of 24050.
2, 5, 13, 37
List the prime factors of 879.
3, 293
What are the prime factors of 25980?
2, 3, 5, 433
What are the prime factors of 1290?
2, 3, 5, 43
List the prime factors of 527.
17, 31
What are the prime factors of 9733?
9733
List the prime factors of 444.
2, 3, 37
What are the prime factors of 619?
619
List the prime factors of 5916.
2, 3, 17, 29
What are the prime factors of 101026?
2, 50513
What are the prime factors of 247?
13, 19
What are the prime factors of 22354?
2, 11177
What are the prime factors of 151?
151
What are the prime factors of 309?
3, 103
What are the prime factors of 16364?
2, 4091
List the prime factors of 36219.
3, 12073
What are the prime factors of 458?
2, 229
What are the prime factors of 129173?
11, 11743
List the prime factors of 61351.
19, 3229
What are the prime factors of 31496?
2, 31, 127
What are the prime factors of 5003?
5003
What are the prime factors of 23249?
67, 347
List the prime factors of 2350.
2, 5, 47
What are the prime factors of 4694?
2, 2347
What are the prime factors of 1908?
2, 3, 53
What are the prime factors of 11498?
2, 5749
What are the prime factors of 12056?
2, 11, 137
What are the prime factors of 3723?
3, 17, 73
List the prime factors of 514.
2, 257
List the prime factors of 7320.
2, 3, 5, 61
What are the prime factors of 46010?
2, 5, 43, 107
What are the prime factors of 8950?
2, 5, 179
What are the prime factors of 31216?
2, 1951
List the prime factors of 3512.
2, 439
List the prime factors of 147750.
2, 3, 5, 197
What are the prime factors of 2435?
5, 487
What are the prime factors of 28140?
2, 3, 5, 7, 67
List the prime factors of 145.
5, 29
What are the prime factors of 2133?
3, 79
List the prime factors of 24541.
11, 23, 97
List the prime factors of 11098.
2, 31, 179
What are the prime factors of 15371?
19, 809
What are the prime factors of 9482?
2, 11, 431
List the prime factors of 2052.
2, 3, 19
List the prime factors of 3308.
2, 827
List the prime factors of 5192.
2, 11, 59
List the prime factors of 38682.
2, 3, 7, 307
List the prime factors of 85551.
3, 28517
What are the prime factors of 1551?
3, 11, 47
List the prime factors of 2424.
2, 3, 101
What are the prime factors of 97?
97
List the prime factors of 6279.
3, 7, 13, 23
List the prime factors of 4528.
2, 283
List the prime factors of 30728.
2, 23, 167
What are the prime factors of 15384?
2, 3, 641
What are the prime factors of 9441?
3, 1049
List the prime factors of 116672.
2, 1823
What are the prime factors of 3142?
2, 1571
List the prime factors of 6183.
3, 229
List the prime factors of 133831.
133831
What are the prime factors of 29203?
19, 29, 53
List the prime factors of 5638.
2, 2819
What are the prime factors of 975?
3, 5, 13
What are the prime factors of 3435?
3, 5, 229
List the prime factors of 1725.
3, 5, 23
What are the prime factors of 283?
283
List the prime factors of 1310.
2, 5, 131
What are the prime factors of 835?
5, 167
List the prime factors of 8986.
2, 4493
List the prime factors of 4.
2
What are the prime factors of 145721?
145721
What are the prime factors of 5132?
2, 1283
What are the prime factors of 8873?
19, 467
List the prime factors of 204.
2, 3, 17
What are the prime factors of 1370?
2, 5, 137
What are the prime factors of 46159?
31, 1489
List the prime factors of 287.
7, 41
List the prime factors of 32400.
2, 3, 5
List the prime factors of 34309.
11, 3119
What are the prime factors of 3894?
2, 3, 11, 59
List the prime factors of 3736.
2, 467
List the prime factors of 5224.
2, 653
What are the prime factors of 12633?
3, 4211
What are the prime factors of 4051?
4051
List the prime factors of 45090.
2, 3, 5, 167
List the prime factors of 77839.
77839
What are the prime factors of 37975?
5, 7, 31
What are the prime factors of 2559?
3, 853
What are the prime factors of 1135?
5, 227
What are the prime factors of 2650?
2, 5, 53
What are the prime factors of 1540?
2, 5, 7, 11
List the prime factors of 1101.
3, 367
What are the prime factors of 685?
5, 137
List the prime factors of 29952.
2, 3, 13
What are the prime factors of 979?
11, 89
What are the prime factors of 2364?
2, 3, 197
What are the prime factors of 43?
43
List the prime factors of 65564.
2, 37, 443
List the prime factors of 1813.
7, 37
What are the prime factors of 37166?
2, 18583
What are the prime factors of 74486?
2, 37243
List the prime factors of 247.
13, 19
What are the prime factors of 1132?
2, 283
What are the prime factors of 432?
2, 3
List the prime factors of 5466.
2, 3, 911
What are the prime factors of 37338?
2, 3, 7, 127
What are the prime factors of 21457?
43, 499
List the prime factors of 61924.
2, 113, 137
What are the prime factors of 726?
2, 3, 11
What are the prime factors of 18197?
31, 587
What are the prime factors of 36998?
2, 13, 1423
What are the prime factors of 15?
3, 5
What are the prime factors of 1022?
2, 7, 73
What are the prime factors of 1037?
17, 61
List the prime factors of 16463.
101, 163
List the prime factors of 13684.
2, 11, 311
What are the prime factors of 278?
2, 139
List the prime factors of 4928.
2, 7, 11
What are the prime factors of 9209?
9209
List the prime factors of 80283.
3, 7, 3823
List the prime factors of 91178.
2, 45589
List the prime factors of 3837.
3, 1279
What are the prime factors of 61592?
2, 7699
List the prime factors of 61890.
2, 3, 5, 2063
What are the prime factors of 1028?
2, 257
List the prime factors of 115034.
2, 113, 509
What are the prime factors of 60441?
3, 20147
What are the prime factors of 11527?
11527
What are the prime factors of 43908?
2, 3, 3659
List the prime factors of 730.
2, 5, 73
List the prime factors of 33437.
29, 1153
List the prime factors of 27434.
2, 11, 29, 43
List the prime factors of 96731.
96731
List the prime factors of 56554.
2, 28277
What are the prime factors of 537?
3, 179
What are the prime factors of 12533?
83, 151
List the prime factors of 685.
5, 137
What are the prime factors of 116355?
3, 5, 7757
What are the prime factors of 21980?
2, 5, 7, 157
What are the prime factors of 29095?
5, 11, 23
List the prime factors of 9796.
2, 31, 79
What are the prime factors of 6717?
3, 2239
List the prime factors of 8348.
2, 2087
What are the prime factors of 684?
2, 3, 19
List the prime factors of 743.
743
What are the prime factors of 6911?
6911
List the prime factors of 4391.
4391
List the prime factors of 78443.
47, 1669
What are the prime factors of 6128?
2, 383
List the prime factors of 3908.
2, 977
List the prime factors of 1319.
1319
List the prime factors of 719.
719
What are the prime factors of 732?
2, 3, 61
List the prime factors of 11.
11
What are the prime factors of 51167?
19, 2693
List the prime factors of 15712.
2, 491
List the prime factors of 1431.
3, 53
List the prime factors of 2751.
3, 7, 131
What are the prime factors of 2615?
5, 523
What are the prime factors of 1783?
1783
What are the prime factors of 4867?
31, 157
List the prime factors of 2214.
2, 3, 41
List the prime factors of 93231.
3, 1151
What are the prime factors of 18168?
2, 3, 757
What are the prime factors of 1320?
2, 3, 5, 11
List the prime factors of 1024.
2
List the prime factors of 98797.
31, 3187
What are the prime factors of 15410?
2, 5, 23, 67
What are the prime factors of 354?
2, 3, 59
What are the prime factors of 674?
2, 337
List the prime factors of 669.
3, 223
List the prime factors of 850.
2, 5, 17
List the prime factors of 76810.
2, 5, 7681
What are the prime factors of 51364?
2, 12841
What are the prime factors of 2434?
2, 1217
List the prime factors of 4226.
2, 2113
What are the prime factors of 694?
2, 347
What are the prime factors of 76473?
3, 29, 293
List the prime factors of 41853.
3, 7, 1993
What are the prime factors of 7586?
2, 3793
List the prime factors of 7639.
7639
What are the prime factors of 4327?
4327
List the prime factors of 1036.
2, 7, 37
What are the prime factors of 78513?
3, 26171
What are the prime factors of 43278?
2, 3, 7213
What are the prime factors of 5293?
67, 79
List the prime factors of 4476.
2, 3, 373
What are the prime factors of 4799?
4799
List the prime factors of 10232.
2, 1279
What are the prime factors of 7774?
2, 13, 23
List